{"id":11,"date":"2015-12-21T19:53:54","date_gmt":"2015-12-21T17:53:54","guid":{"rendered":"http:\/\/musikfreunde.dedinghausen.de\/?page_id=11"},"modified":"2019-09-08T19:20:16","modified_gmt":"2019-09-08T17:20:16","slug":"vorstand","status":"publish","type":"page","link":"http:\/\/musikfreunde.dedinghausen.de\/?page_id=11","title":{"rendered":"Vorstand"},"content":{"rendered":"<h1 style=\"text-align: center;\"><span style=\"color: #003366;\"><em><span style=\"text-decoration: underline;\">Der&nbsp;gesch\u00e4ftsf\u00fchrende Vorstand<\/span><\/em><\/span><\/h1>\n<figure id=\"attachment_1205\" aria-describedby=\"caption-attachment-1205\" style=\"width: 646px\" class=\"wp-caption aligncenter\"><a href=\"http:\/\/musikfreunde.dedinghausen.de\/wp-content\/uploads\/2019\/08\/3-7520900432373558715_IMG_5210.jpg\"><img decoding=\"async\" loading=\"lazy\" class=\"wp-image-1205\" src=\"http:\/\/musikfreunde.dedinghausen.de\/wp-content\/uploads\/2019\/08\/3-7520900432373558715_IMG_5210-683x1024.jpg\" alt=\"\" width=\"646\" height=\"969\" srcset=\"http:\/\/musikfreunde.dedinghausen.de\/wp-content\/uploads\/2019\/08\/3-7520900432373558715_IMG_5210-683x1024.jpg 683w, http:\/\/musikfreunde.dedinghausen.de\/wp-content\/uploads\/2019\/08\/3-7520900432373558715_IMG_5210-200x300.jpg 200w, http:\/\/musikfreunde.dedinghausen.de\/wp-content\/uploads\/2019\/08\/3-7520900432373558715_IMG_5210-768x1152.jpg 768w\" sizes=\"(max-width: 646px) 100vw, 646px\" \/><\/a><figcaption id=\"caption-attachment-1205\" class=\"wp-caption-text\">Von links : Susanne Schweins , Julia Schulte &#8211; Remmert , Kirstin Jungemann , Ralf Henkemeier<\/figcaption><\/figure>\n<hr>\n<h2 style=\"text-align: center;\"><em><span style=\"text-decoration: underline;\">1. Vorsitzende<\/span><\/em><\/h2>\n<h4 style=\"text-align: center;\">Julia Schulte &#8211; Remmert&nbsp;<\/h4>\n<h4 style=\"text-align: center;\">Am Kusel 1E<\/h4>\n<h4 style=\"text-align: center;\">59558 Lippstadt<\/h4>\n<hr>\n<h2 style=\"text-align: center;\"><em><span style=\"text-decoration: underline;\">2.Vorsitzende<\/span><\/em><\/h2>\n<h4 style=\"text-align: center;\">Kirstin Jungemann&nbsp;<\/h4>\n<h4 style=\"text-align: center;\">Von-Galen-Stra\u00dfe 13<\/h4>\n<h4 style=\"text-align: center;\">33142 B\u00fcren&nbsp;<\/h4>\n<hr>\n<h2 style=\"text-align: center;\"><em><span style=\"text-decoration: underline;\">Gesch\u00e4ftsf\u00fchrerin<\/span><\/em><\/h2>\n<h4 style=\"text-align: center;\">Susanne Schweins<\/h4>\n<h4 style=\"text-align: center;\">Lange Wende 11<\/h4>\n<h4 style=\"text-align: center;\">59558 Lippstadt<\/h4>\n<hr>\n<h2 style=\"text-align: center;\"><em><span style=\"text-decoration: underline;\">Musikalische Gesamtleitung <\/span><\/em><\/h2>\n<h4 style=\"text-align: center;\">Ralf Henkemeier<\/h4>\n<h4 style=\"text-align: center;\">Am Bleichgraben 26<\/h4>\n<h4 style=\"text-align: center;\">59558 Lippstadt<\/h4>\n<hr>\n<hr>\n<hr>\n<hr>\n<h1 style=\"text-align: center;\"><span style=\"color: #003366;\"><em><span style=\"text-decoration: underline;\"><strong>Der erweiterte Vorstand<\/strong> <\/span><\/em><\/span><\/h1>\n<h2 style=\"text-align: center;\"><a href=\"http:\/\/musikfreunde.dedinghausen.de\/wp-content\/uploads\/2019\/08\/33-2009197166536721784_IMG_5236.jpg\"><img decoding=\"async\" loading=\"lazy\" class=\"aligncenter wp-image-1208 size-large\" src=\"http:\/\/musikfreunde.dedinghausen.de\/wp-content\/uploads\/2019\/08\/33-2009197166536721784_IMG_5236-1024x683.jpg\" alt=\"\" width=\"680\" height=\"454\" srcset=\"http:\/\/musikfreunde.dedinghausen.de\/wp-content\/uploads\/2019\/08\/33-2009197166536721784_IMG_5236-1024x683.jpg 1024w, http:\/\/musikfreunde.dedinghausen.de\/wp-content\/uploads\/2019\/08\/33-2009197166536721784_IMG_5236-300x200.jpg 300w, http:\/\/musikfreunde.dedinghausen.de\/wp-content\/uploads\/2019\/08\/33-2009197166536721784_IMG_5236-768x512.jpg 768w\" sizes=\"(max-width: 680px) 100vw, 680px\" \/><\/a><\/h2>\n<h2 style=\"text-align: center;\"><em><span style=\"text-decoration: underline;\">stellv. Musikalische Leitung<\/span><\/em><\/h2>\n<h4 style=\"text-align: center;\">Celina Schmidt&nbsp;<\/h4>\n<h4 style=\"text-align: center;\">Zum G\u00e4nseland 33a<\/h4>\n<h4 style=\"text-align: center;\">59558 Lippstadt&nbsp;<\/h4>\n<hr>\n<h2 style=\"text-align: center;\"><span style=\"text-decoration: underline;\"><em>stellv. Musikalische Leitung<\/em><\/span><\/h2>\n<h4 style=\"text-align: center;\">Nina Hebbeler&nbsp;<\/h4>\n<h4 style=\"text-align: center;\">Zum Erlenbruch 18<\/h4>\n<h4 style=\"text-align: center;\">59558 Lippstadt&nbsp;<\/h4>\n<hr>\n<h2 style=\"text-align: center;\"><span style=\"text-decoration: underline;\"><em>Leiterin Jugendausbildung <\/em><\/span><\/h2>\n<h4 style=\"text-align: center;\">Tanja Henkemeier<\/h4>\n<h4 style=\"text-align: center;\">Am Bleichgraben 26<\/h4>\n<h4 style=\"text-align: center;\"><em><span style=\"text-decoration: underline;\">59558 Lippstadt<\/span><\/em><\/h4>\n<hr>\n<h2 style=\"text-align: center;\"><em><span style=\"text-decoration: underline;\">Leiter Schlagwerk<\/span><\/em><\/h2>\n<h4 style=\"text-align: center;\">Sebastian Schulte &#8211; Remmert<\/h4>\n<h4 style=\"text-align: center;\">Am Kusel 1E<\/h4>\n<h4 style=\"text-align: center;\">59558 Lippstadt<\/h4>\n<hr>\n<hr>\n<hr>\n<hr>\n<p>&nbsp;<\/p>\n<p>&nbsp;<\/p>\n<p style=\"text-align: center;\">&nbsp;<\/p>\n","protected":false},"excerpt":{"rendered":"<p>Der&nbsp;gesch\u00e4ftsf\u00fchrende Vorstand 1. Vorsitzende Julia Schulte &#8211; Remmert&nbsp; Am Kusel 1E 59558 Lippstadt 2.Vorsitzende Kirstin Jungemann&nbsp; Von-Galen-Stra\u00dfe 13 33142 B\u00fcren&nbsp; Gesch\u00e4ftsf\u00fchrerin Susanne Schweins Lange Wende 11 59558 Lippstadt Musikalische Gesamtleitung Ralf Henkemeier Am Bleichgraben 26 59558 Lippstadt Der erweiterte Vorstand stellv. Musikalische Leitung Celina Schmidt&nbsp; Zum G\u00e4nseland 33a 59558 Lippstadt&nbsp; stellv. Musikalische Leitung Nina Hebbeler&nbsp; [&hellip;]<\/p>\n","protected":false},"author":1,"featured_media":0,"parent":0,"menu_order":0,"comment_status":"closed","ping_status":"closed","template":"","meta":{"ngg_post_thumbnail":0},"_links":{"self":[{"href":"http:\/\/musikfreunde.dedinghausen.de\/index.php?rest_route=\/wp\/v2\/pages\/11"}],"collection":[{"href":"http:\/\/musikfreunde.dedinghausen.de\/index.php?rest_route=\/wp\/v2\/pages"}],"about":[{"href":"http:\/\/musikfreunde.dedinghausen.de\/index.php?rest_route=\/wp\/v2\/types\/page"}],"author":[{"embeddable":true,"href":"http:\/\/musikfreunde.dedinghausen.de\/index.php?rest_route=\/wp\/v2\/users\/1"}],"replies":[{"embeddable":true,"href":"http:\/\/musikfreunde.dedinghausen.de\/index.php?rest_route=%2Fwp%2Fv2%2Fcomments&post=11"}],"version-history":[{"count":42,"href":"http:\/\/musikfreunde.dedinghausen.de\/index.php?rest_route=\/wp\/v2\/pages\/11\/revisions"}],"predecessor-version":[{"id":1303,"href":"http:\/\/musikfreunde.dedinghausen.de\/index.php?rest_route=\/wp\/v2\/pages\/11\/revisions\/1303"}],"wp:attachment":[{"href":"http:\/\/musikfreunde.dedinghausen.de\/index.php?rest_route=%2Fwp%2Fv2%2Fmedia&parent=11"}],"curies":[{"name":"wp","href":"https:\/\/api.w.org\/{rel}","templated":true}]}}

<h1 style="text-align: center;"><span style="color: #003366;"><em><span style="text-decoration: underline;">Der&nbsp;geschäftsführende Vorstand</span></em></span></h1>
<figure id="attachment_1205" aria-describedby="caption-attachment-1205" style="width: 646px" class="wp-caption aligncenter"><a href="http://musikfreunde.dedinghausen.de/wp-content/uploads/2019/08/3-7520900432373558715_IMG_5210.jpg"><img decoding="async" loading="lazy" class="wp-image-1205" src="http://musikfreunde.dedinghausen.de/wp-content/uploads/2019/08/3-7520900432373558715_IMG_5210-683x1024.jpg" alt="" width="646" height="969" srcset="http://musikfreunde.dedinghausen.de/wp-content/uploads/2019/08/3-7520900432373558715_IMG_5210-683x1024.jpg 683w, http://musikfreunde.dedinghausen.de/wp-content/uploads/2019/08/3-7520900432373558715_IMG_5210-200x300.jpg 200w, http://musikfreunde.dedinghausen.de/wp-content/uploads/2019/08/3-7520900432373558715_IMG_5210-768x1152.jpg 768w" sizes="(max-width: 646px) 100vw, 646px" /></a><figcaption id="caption-attachment-1205" class="wp-caption-text">Von links : Susanne Schweins , Julia Schulte &#8211; Remmert , Kirstin Jungemann , Ralf Henkemeier</figcaption></figure>
<hr>
<h2 style="text-align: center;"><em><span style="text-decoration: underline;">1. Vorsitzende</span></em></h2>
<h4 style="text-align: center;">Julia Schulte &#8211; Remmert&nbsp;</h4>
<h4 style="text-align: center;">Am Kusel 1E</h4>
<h4 style="text-align: center;">59558 Lippstadt</h4>
<hr>
<h2 style="text-align: center;"><em><span style="text-decoration: underline;">2.Vorsitzende</span></em></h2>
<h4 style="text-align: center;">Kirstin Jungemann&nbsp;</h4>
<h4 style="text-align: center;">Von-Galen-Straße 13</h4>
<h4 style="text-align: center;">33142 Büren&nbsp;</h4>
<hr>
<h2 style="text-align: center;"><em><span style="text-decoration: underline;">Geschäftsführerin</span></em></h2>
<h4 style="text-align: center;">Susanne Schweins</h4>
<h4 style="text-align: center;">Lange Wende 11</h4>
<h4 style="text-align: center;">59558 Lippstadt</h4>
<hr>
<h2 style="text-align: center;"><em><span style="text-decoration: underline;">Musikalische Gesamtleitung </span></em></h2>
<h4 style="text-align: center;">Ralf Henkemeier</h4>
<h4 style="text-align: center;">Am Bleichgraben 26</h4>
<h4 style="text-align: center;">59558 Lippstadt</h4>
<hr>
<hr>
<hr>
<hr>
<h1 style="text-align: center;"><span style="color: #003366;"><em><span style="text-decoration: underline;"><strong>Der erweiterte Vorstand</strong> </span></em></span></h1>
<h2 style="text-align: center;"><a href="http://musikfreunde.dedinghausen.de/wp-content/uploads/2019/08/33-2009197166536721784_IMG_5236.jpg"><img decoding="async" loading="lazy" class="aligncenter wp-image-1208 size-large" src="http://musikfreunde.dedinghausen.de/wp-content/uploads/2019/08/33-2009197166536721784_IMG_5236-1024x683.jpg" alt="" width="680" height="454" srcset="http://musikfreunde.dedinghausen.de/wp-content/uploads/2019/08/33-2009197166536721784_IMG_5236-1024x683.jpg 1024w, http://musikfreunde.dedinghausen.de/wp-content/uploads/2019/08/33-2009197166536721784_IMG_5236-300x200.jpg 300w, http://musikfreunde.dedinghausen.de/wp-content/uploads/2019/08/33-2009197166536721784_IMG_5236-768x512.jpg 768w" sizes="(max-width: 680px) 100vw, 680px" /></a></h2>
<h2 style="text-align: center;"><em><span style="text-decoration: underline;">stellv. Musikalische Leitung</span></em></h2>
<h4 style="text-align: center;">Celina Schmidt&nbsp;</h4>
<h4 style="text-align: center;">Zum Gänseland 33a</h4>
<h4 style="text-align: center;">59558 Lippstadt&nbsp;</h4>
<hr>
<h2 style="text-align: center;"><span style="text-decoration: underline;"><em>stellv. Musikalische Leitung</em></span></h2>
<h4 style="text-align: center;">Nina Hebbeler&nbsp;</h4>
<h4 style="text-align: center;">Zum Erlenbruch 18</h4>
<h4 style="text-align: center;">59558 Lippstadt&nbsp;</h4>
<hr>
<h2 style="text-align: center;"><span style="text-decoration: underline;"><em>Leiterin Jugendausbildung </em></span></h2>
<h4 style="text-align: center;">Tanja Henkemeier</h4>
<h4 style="text-align: center;">Am Bleichgraben 26</h4>
<h4 style="text-align: center;"><em><span style="text-decoration: underline;">59558 Lippstadt</span></em></h4>
<hr>
<h2 style="text-align: center;"><em><span style="text-decoration: underline;">Leiter Schlagwerk</span></em></h2>
<h4 style="text-align: center;">Sebastian Schulte &#8211; Remmert</h4>
<h4 style="text-align: center;">Am Kusel 1E</h4>
<h4 style="text-align: center;">59558 Lippstadt</h4>
<hr>
<hr>
<hr>
<hr>
<p>&nbsp;</p>
<p>&nbsp;</p>
<p style="text-align: center;">&nbsp;</p>

<p>Der&nbsp;geschäftsführende Vorstand 1. Vorsitzende Julia Schulte &#8211; Remmert&nbsp; Am Kusel 1E 59558 Lippstadt 2.Vorsitzende Kirstin Jungemann&nbsp; Von-Galen-Straße 13 33142 Büren&nbsp; Geschäftsführerin Susanne Schweins Lange Wende 11 59558 Lippstadt Musikalische Gesamtleitung Ralf Henkemeier Am Bleichgraben 26 59558 Lippstadt Der erweiterte Vorstand stellv. Musikalische Leitung Celina Schmidt&nbsp; Zum Gänseland 33a 59558 Lippstadt&nbsp; stellv. Musikalische Leitung Nina Hebbeler&nbsp; [&hellip;]</p>
